 -k - 3*z + 1, h*k - 2*z + 38 = 0. Let t(o) = -1 + 12082*o + 11945*o - 24021*o + o**2. Give t(k).
6
Let b(r) be the first derivative of -r**4/4 - 18*r**3 + 113*r**2/2 + 60*r - 4523. What is b(-56)?
4
Let y be (-4)/(-10) + (105/(-25))/3. Let i(x) = 5*x**3 - 14*x**2 + 27*x - 10. Let t(o) = -o**3 + 3*o**2 - 6*o + 2. Let c(p) = -3*i(p) - 14*t(p). Determine c(y).
0
Let q(a) = -17*a**2 - 138*a + a**3 - 1470 + 1599 + 130*a. Calculate q(17).
-7
Let s(z) = z - 17. Let w(x) = x**2 - 3*x + 8. Let m = -49 + 44. Let u be (-246)/(-30) + m + (-2)/10. Let p be w(u). Give s(p).
-9
Suppose 6*o + 15 + 3 = 0. Let w be 2/1*((-19)/(-2) - o). Suppose -4*r - r = -w. Let q(n) = -n**3 + 4*n**2 + 3*n + 7. Determine q(r).
-3
Let o(t) = 48*t**2 - 3*t - 1. Let b be o(3). Let s(q) = -400 + 24*q + b + 8*q + 17*q**2 + q**3. Let v be s(-15). Let p(x) = -x**2 - 8*x + 2. What is p(v)?
2
Let k(n) = n**3 + 3 + 231287*n + 3 + 11*n**2 - 231281*n. Give k(-10).
46
Let m(w) = -5*w + 14. Suppose 182 + 172 = 5*i - g, -5*i = g - 346. Suppose -51*v - i = -61*v. Calculate m(v).
-21
Let h(b) = -3*b**2 + b - 1. Suppose 0 = 14*i + 10 + 32. Let a be (-2)/i*1*(-12)/(-4). Determine h(a).
-11
Let u(w) = 78*w**2 + w. Let t = 39397 + -39396. Determine u(t).
79
Let m(z) = -34*z + 1566. Let i be m(46). Let a(j) = -4*j. Give a(i).
-8
Let f(k) = -3*k**2 + 2*k - 1. Let u(g) = -8*g**2 + 6*g - 3. Let b(m) = -11*f(m) + 4*u(m). Let o be (-38)/18 - (-19)/171. Determine b(o).
-1
Let x(g) be the first derivative of -8*g**2 + 5*g + 507. What is x(-4)?
69
Let r(u) be the second derivative of u**4/12 + u**3/6 + 5*u**2 + 5*u. Let d = 115 - 115. Suppose d = -5*c + 5*c - 5*c. Calculate r(c).
10
Let p(t) be the third derivative of -t**5/30 + t**3/3 - t**2 + 54. Suppose -4*r = 3*b + 22, -2*r + 3*r = 4*b + 4. Determine p(b).
-6
Let x(c) = -9*c - 10. Let a be (216/126)/((-2)/14) - -6. Let u(d) = 25*d + 28. Let p(b) = a*u(b) - 17*x(b). Determine p(-2).
-4
Let o(w) be the second derivative of w**4/4 + w**3/3 - 3*w**2/2 + w - 5. Suppose c + c + 87 = m, -c + 2*m - 42 = 0. Let j = c + 41. Determine o(j).
18
Let z(o) be the third derivative of -o**6/120 - o**5/5 - o**4/4 - 2*o**3/3 - 4*o**2 + 6. Calculate z(-12).
68
Let b(c) = c**2 - 7*c + 8. Let s(g) = 17*g + 21. Let x be s(3). Let k be (x/60)/((-3)/(-20)). Give b(k).
16
Suppose 0 = 47*b - 293 - 60 - 117. Let i(g) = 2*g - 36. What is i(b)?
-16
Suppose 3481*t = 3467*t - 140. Let x(i) = -5*i - 51. What is x(t)?
-1
Let b(v) = 9 - 10 + 2 + 5 - 2 + 3*v. Let s(n) = -n + 1. Let g = 5 + -7. Let p(c) = g*s(c) - b(c). Determine p(0).
-6
Suppose 4*c + 25 = 5*a, 4*a + c = 5*a - 6. Let y(p) = -112*p - 7. Let l(z) = -760*z - 47. Let j(i) = -4*l(i) + 27*y(i). Determine j(a).
15
Let i(j) = -j**3 + 2*j**2 - j - 3. Let r be i(2). Let h(v) be the third derivative of 0*v + 2/3*v**3 + 1/8*v**4 - 9*v**2 + 0. What is h(r)?
-11
Let o(r) = r - 82. Let q(a) = 107. Let t(s) = -3*o(s) - 2*q(s). What is t(-13)?
71
Let z(f) = 33*f**2 - 125*f + 427. Let v(x) = 7*x**2 - 25*x + 84. Let k(y) = 14*v(y) - 3*z(y). What is k(19)?
9
Let h(w) = -w. Suppose -12*t + 54 + 330 = 0. Let f = -34 + t. Determine h(f).
2
Let b(v) = 1 + v**2 + 3 + 4*v - 3 + 1. Let t = 38 + -34. Suppose j = 5*j + 20, -t*w - 2*j - 22 = 0. Give b(w).
-1
Suppose 0 = -2*c + 4*k, -4*k - 12 = -4. Let y be 2/(0 - 2/c). Let r(u) = -21*u**2 - y*u + 44*u**2 - 24*u**2. Give r(-5).
-5
Let m(q) = -11*q**2 - 2*q. Let w(r) = -4*r**2 - 89*r + 68. Let v be w(-23). What is m(v)?
-9
Let j(v) be the second derivative of 1/12*v**4 + 0 + v**2 + 4*v + 4/3*v**3. Let k be (-26)/3 - (-1)/(3/2). Determine j(k).
2
Let g(i) be the second derivative of i**5/20 + 5*i**4/12 - i**3 - i**2 - 58712*i. Let f be (-1 - 0) + (-2)/2. Let d = f - 4. Calculate g(d).
-2
Let f(h) = 0 - 5 + 199*h**2 - h - 195*h**2 + 1. Give f(0).
-4
Suppose 34 = 5*l - 16. Suppose -4*q = 4*v - 20, l = 2*q + 3*q. Let j(z) = -v*z - 3 + 4*z + 4 + 0. What is j(-3)?
-2
Suppose c = 5*c + 28. Let m(g) = -20*g**2 - 10*g - 24. Let p(w) = -w - 1. Let k be p(-7). Let j(l) = -7*l**2 - 3*l - 8. Let u(z) = k*m(z) - 17*j(z). Give u(c).
6
Let j be -5*(-27)/(-15) + 17. Let o(a) be the third derivative of -a**4/12 + 11*a**3/6 - 10*a**2. Calculate o(j).
-5
Let k(s) = 3*s**2 - 3*s - 3. Let a(x) = -24*x**2 + 43*x + 29. Let f(i) = -a(i) - 9*k(i). Determine f(-5).
3
Let m(a) = -a**2 + a - 2. Let o(q) = -q**3 - 14*q**2 - 15*q + 21. Let z(k) = m(k) + o(k). Determine z(-14).
19
Let n(w) = 81*w + 58. Let p be n(-4). Let x = p + 263. Let y(r) = r**3 + 2*r**2 - 4*r - 2. What is y(x)?
1
Let d(x) = -x**2 + 7*x - 6. Let j be d(4). Let l(t) = 30*t + 37*t + 29*t - 99*t + 14. Give l(j).
-4
Suppose 5*c + 2*l = 2, 4 = -0*l - l. Let h(s) = 6*s - 2 - 28*s**2 - 25*s**2 - 7 + 54*s**c. Calculate h(-8).
7
Let p(s) be the second derivative of -s**5/20 - s**4/6 + s**3/2 + 4111*s. Let h(x) = x**3 - 5*x**2 + 3*x + 1. Let c be h(4). Determine p(c).
0
Let f(y) be the third derivative of y**4/24 - 5*y**3/6 - 1086*y**2. Suppose -5*l = 2*d - 5, -3*d - 2*l + 35 = -0*l. Suppose 5*b - 5 = d. Give f(b).
-1
Let c(t) be the first derivative of -t**4/4 + 17*t**3/3 + 31*t**2 - 18*t + 578. Give c(20).
22
Let q(n) = -9*n - 2*n - 45 + 49 + 2*n**2. Let t be q(5). Let f(a) be the first derivative of -15*a**2/2 + a + 12. What is f(t)?
16
Let w(q) = -q**3 - 6*q**2 + 36*q + 24. Let b be w(4). Let t(g) = -g**2 + 4*g + 35. Calculate t(b).
3
Let s(n) = 262*n**2 - 68*n**2 - 66*n**2 - 60*n**2 - 3 - 66*n**2 - 12*n**3. What is s(-2)?
101
Let o(s) = 3*s - 6. Suppose 3*u - 2*u = 6. Let g be 7/(70/25) + u/4. Suppose -d = g*d - m - 23, -9 = -3*d - m. Give o(d).
6
Suppose 17 = -5*c - 2*y - 1, 5*c + 4*y = -26. Let d(f) = 2*f**2 + 4*f + 2*f + 3*f - 14694 + 14696 - 7*f + 2*f + f**3. Calculate d(c).
-6
Let j(h) = h**3 - 4*h**2 + 6*h - 4. Let g be 2*5/(-10)*-52. Let i = -29 + g. Suppose -5*d - 3 = -i. Give j(d).
20
Let d(t) = t**3 - 5*t**2 - 111*t + 116. Let w be d(13). Let n(f) = -2*f**3 + 49*f**2 + 24*f + 13. Determine n(w).
-12
Suppose 0 = -3*v - 3*l, 15 = 4*v - 2*l - 3. Suppose j = 0, -4*m + v*j = -m - 7*m. Let a(o) = o + 46. Give a(m).
46
Let v(l) = -l**2 + 4*l - 5. Suppose 4*t - 54 = 30. Suppose 2*k + t = -5. Let d be k/(-26) + 18/4. Calculate v(d).
-10
Let f = -33 - -38. Suppose -3*b + 4 = -f*b. Let l(m) be the second derivative of -3*m**3/2 + m**2 + 231*m. Determine l(b).
20
Let i(r) = 2*r + 106. Let b(d) = d + 40. Let s(l) = -5*b(l) + 2*i(l). Calculate s(21).
-9
Suppose 0 = -199*t + 196*t + 3. Let k(q) = -q**2 + 0*q - 6*q + 4 + 9*q + t. What is k(5)?
-5
Let m(d) = -d**2 - 8*d - 22. Suppose -195*n + 77*n - 1377 = -315. What is m(n)?
-31
Suppose -5*z = 3*r + 168, 4*z + r = -z - 176. Let u = z + 34. Let g(h) = 8*h + 3. Give g(u).
-13
Let z(o) = -4*o**3 - 13*o**2 + 8*o + 13. Let s(j) = -9*j**3 - 27*j**2 + 15*j + 27. Let p(t) = -3*s(t) + 7*z(t). Let b be (-42)/2 - 700/(-70). What is p(b)?
10
Let h(d) = -5*d - 13. Let g(q) be the first derivative of -7*q**2 - 38*q + 997. Suppose 2*z = -0*z - 8. Let m(n) = z*g(n) + 11*h(n). What is m(-4)?
5
Let c(g) be the third derivative of -1/24*g**4 - 1/30*g**5 + 0*g + 0 - 29*g**2 + 7/2*g**3. Let o(y) be the first derivative of c(y). What is o(-2)?
7
Let a(y) = -2 - 89*y**2 - 861*y + 86*y**2 + 1731*y + 8*y**3 - 867*y. Give a(1).
6
Let z be (-48)/30*(-80)/(-64). Let j(m) = 32*m + 72. What is j(z)?
8
Let a(l) = 98*l - 50*l + 2 + 9*l**2 + l**3 - 51*l - 29. Calculate a(-7).
92
Let q be -1*((3 - 2) + 2). Let u = q + -3. Let o(b) be the second derivative of -b**3/6 + b**2/2 - b - 13343. Determine o(u).
7
Let c(i) be the second derivative of 1/6*i**3 - 11*i - 3 - 4*i**2. Give c(7).
-1
Let n(s) = 1385*s**2 - 2810*s**2 + 2*s + 1424*s**2 + 7. Determine n(8).
-41
Suppose 5*q - 8 = -4*k + 28, 16 = 3*q + k. Suppose 9*l = q*l + 10. Let n(a) = -2*a**2 - 5*a**l - a**2 + a**3 + 5 + 2*a**2. Give n(6).
5
Let t(c) = 2*c + 3. Let p be t(-2). Let k(g) be the third derivative of g**4/3 - 1728*g**2. Calculate k(p).
-8
Let f(p) = 2*p**2 + p + 4. Suppose -4*y + 4*d + 24 = 0, 3*y + 1881*d = 1882*d + 6. Determine f(y).
4
Let k(a) be the second derivative of 3*a**5/20 - a**4/12 - 2*a**3/3 - 5*a**2/2 - 1683*a. Give k(-2).
-25
Suppose 11*s = -4*s + 30. Let n(r) = 4 + r**s - 2*r**2 - 107*r + 110*r. What is n(3)?
4
Suppose 0 = -2*y - 3*v - 5, 4*y - 4*v = y - 50. Let b(u) = u.